{"id":709,"date":"2023-07-02T20:26:00","date_gmt":"2023-07-02T20:26:00","guid":{"rendered":"https:\/\/www.fabiobarba.it\/?page_id=709"},"modified":"2023-07-02T20:28:34","modified_gmt":"2023-07-02T20:28:34","slug":"danni-parentali","status":"publish","type":"page","link":"https:\/\/sitiwebaroma.it\/fabiobarba\/danni-parentali\/","title":{"rendered":"Supporto professionale per il risarcimento dei danni parentali"},"content":{"rendered":"<p style=\"text-align: justify;\">Comprendiamo che la perdita di un familiare di una persona cara \u00e8 una delle esperienze pi\u00f9 dolorose e devastanti che si possano affrontare. In momenti cos\u00ec difficili, \u00e8 importante poter contare su un supporto legale competente e compassionevole per la gestione del risarcimento dei danni parentali.<\/p>\n<p style=\"text-align: justify;\">Il nostro studio professionale si dedica appositamente alla gestione dei casi di risarcimento per danni parentali. Siamo qui per aiutarvi a ottenere il giusto riconoscimento per la vostra perdita e per garantire che i vostri diritti vengano tutelati.<\/p>\n<h2 style=\"text-align: justify;\">Cosa possiamo fare per voi?<\/h2>\n<ol style=\"text-align: justify;\">\n<li><strong>Consulenza personalizzata:<\/strong> Offriamo una consulenza gratuita e riservata per comprendere appieno la vostra situazione e valutare le possibilit\u00e0 legali a vostra disposizione. Saremo a vostro fianco per rispondere a tutte le vostre domande e fornirvi un supporto personalizzato in base alle vostre esigenze.<\/li>\n<li><strong>Gestione del processo legale:<\/strong> Ci occuperemo di tutte le pratiche legali necessarie per il risarcimento dei danni parentali. Dalla raccolta delle prove all&#8217;elaborazione dei documenti, dal negoziato con le compagnie assicurative all&#8217;eventuale azione legale, vi supporteremo in ogni fase del processo.<\/li>\n<li><strong>Massimizzazione del risarcimento:<\/strong> Il nostro obiettivo principale \u00e8 ottenere per voi un risarcimento adeguato che rifletta il valore del legame e della perdita subita. Lavoreremo tenacemente per massimizzare il risarcimento, tenendo conto dei fattori economici, emotivi e psicologici coinvolti.<\/li>\n<li><strong>Supporto emotivo:<\/strong> Capiamo che questo periodo difficile richiede non solo supporto legale, ma anche sostegno emotivo. Saremo al vostro fianco con empatia e compassione, offrendovi un ambiente sicuro in cui esprimere i vostri sentimenti e le vostre preoccupazioni.<\/li>\n<\/ol>\n<p><img decoding=\"async\" src=\"https:\/\/sitiwebaroma.it\/fabiobarba\/wp-content\/uploads\/pexels-pixabay-415767-300x159.jpg\" alt=\"\" class=\"alignleft size-medium wp-image-714\" width=\"300\" height=\"159\" srcset=\"https:\/\/sitiwebaroma.it\/fabiobarba\/wp-content\/uploads\/pexels-pixabay-415767-300x159.jpg 300w, https:\/\/sitiwebaroma.it\/fabiobarba\/wp-content\/uploads\/pexels-pixabay-415767-1024x543.jpg 1024w, https:\/\/sitiwebaroma.it\/fabiobarba\/wp-content\/uploads\/pexels-pixabay-415767-768x407.jpg 768w, https:\/\/sitiwebaroma.it\/fabiobarba\/wp-content\/uploads\/pexels-pixabay-415767-1536x815.jpg 1536w, https:\/\/sitiwebaroma.it\/fabiobarba\/wp-content\/uploads\/pexels-pixabay-415767.jpg 1919w\" sizes=\"(max-width: 300px) 100vw, 300px\" \/><\/p>\n<p style=\"text-align: justify;\">Non dovete affrontare da soli il processo di risarcimento dei danni parentali. Affidatevi a noi per avere un team competente che vi sosterr\u00e0 durante tutto il percorso legale.<\/p>\n<p>&nbsp;<\/p>\n<p>&nbsp;<\/p>\n<h5 style=\"text-align: justify;\">Chiamateci oggi stesso al numero\u00a0<a href=\"tel:+393333842112\">+39 <strong>333 384 2112<\/strong><\/a> o <a href=\"https:\/\/sitiwebaroma.it\/fabiobarba\/contatti\/\"><strong>contattateci subito<\/strong><\/a> per prenotare una consulenza gratuita e riservata.<\/h5>\n<p style=\"text-align: justify;\">Siamo qui per alleviare il peso legale e per darvi il supporto di cui avete bisogno. Sappiamo che nulla potr\u00e0 mai compensare la vostra perdita, ma faremo tutto il possibile per ottenere un risarcimento equo e per accompagnarvi in questo difficile percorso.<\/p>\n<p style=\"text-align: right;\">Con sincera solidariet\u00e0,<\/p>\n","protected":false},"excerpt":{"rendered":"<p>Comprendiamo che la perdita di un familiare di una persona cara \u00e8 una delle esperienze pi\u00f9 dolorose e devastanti che si possano affrontare. In momenti cos\u00ec difficili, \u00e8 importante poter contare su un supporto legale competente e compassionevole per la gestione del risarcimento dei danni parentali. Il nostro studio professionale [&hellip;]<\/p>\n","protected":false},"author":2,"featured_media":713,"parent":0,"menu_order":0,"comment_status":"closed","ping_status":"closed","template":"","meta":{"_eb_attr":"","_joinchat":[],"footnotes":""},"class_list":["post-709","page","type-page","status-publish","has-post-thumbnail","hentry"],"yoast_head":"<!-- This site is optimized with the Yoast SEO plugin v27.5 - https:\/\/yoast.com\/product\/yoast-seo-wordpress\/ -->\n<title>Supporto professionale per il risarcimento dei danni parentali - Fabio Barba<\/title>\n<meta name=\"description\" content=\"Fabio Barba\" \/>\n<meta name=\"robots\" content=\"index, follow, max-snippet:-1, max-image-preview:large, max-video-preview:-1\" \/>\n<link rel=\"canonical\" href=\"https:\/\/sitiwebaroma.it\/fabiobarba\/danni-parentali\/\" \/>\n<meta property=\"og:locale\" content=\"it_IT\" \/>\n<meta property=\"og:type\" content=\"article\" \/>\n<meta property=\"og:title\" content=\"Supporto professionale per il risarcimento dei danni parentali - Fabio Barba\" \/>\n<meta property=\"og:description\" content=\"Fabio Barba\" \/>\n<meta property=\"og:url\" content=\"https:\/\/sitiwebaroma.it\/fabiobarba\/danni-parentali\/\" \/>\n<meta property=\"og:site_name\" content=\"Fabio Barba\" \/>\n<meta property=\"article:modified_time\" content=\"2023-07-02T20:28:34+00:00\" \/>\n<meta property=\"og:image\" content=\"https:\/\/sitiwebaroma.it\/fabiobarba\/wp-content\/uploads\/pexels-mario-wallner-12403535.jpg\" \/>\n\t<meta property=\"og:image:width\" content=\"1920\" \/>\n\t<meta property=\"og:image:height\" content=\"1272\" \/>\n\t<meta property=\"og:image:type\" content=\"image\/jpeg\" \/>\n<meta name=\"twitter:card\" content=\"summary_large_image\" \/>\n<meta name=\"twitter:label1\" content=\"Tempo di lettura stimato\" \/>\n\t<meta name=\"twitter:data1\" content=\"3 minuti\" \/>\n<script type=\"application\/ld+json\" class=\"yoast-schema-graph\">{\"@context\":\"https:\\\/\\\/schema.org\",\"@graph\":[{\"@type\":\"WebPage\",\"@id\":\"https:\\\/\\\/sitiwebaroma.it\\\/fabiobarba\\\/danni-parentali\\\/\",\"url\":\"https:\\\/\\\/sitiwebaroma.it\\\/fabiobarba\\\/danni-parentali\\\/\",\"name\":\"Supporto professionale per il risarcimento dei danni parentali - Fabio Barba\",\"isPartOf\":{\"@id\":\"https:\\\/\\\/sitiwebaroma.it\\\/fabiobarba\\\/#website\"},\"primaryImageOfPage\":{\"@id\":\"https:\\\/\\\/sitiwebaroma.it\\\/fabiobarba\\\/danni-parentali\\\/#primaryimage\"},\"image\":{\"@id\":\"https:\\\/\\\/sitiwebaroma.it\\\/fabiobarba\\\/danni-parentali\\\/#primaryimage\"},\"thumbnailUrl\":\"https:\\\/\\\/sitiwebaroma.it\\\/fabiobarba\\\/wp-content\\\/uploads\\\/pexels-mario-wallner-12403535.jpg\",\"datePublished\":\"2023-07-02T20:26:00+00:00\",\"dateModified\":\"2023-07-02T20:28:34+00:00\",\"description\":\"Fabio Barba\",\"breadcrumb\":{\"@id\":\"https:\\\/\\\/sitiwebaroma.it\\\/fabiobarba\\\/danni-parentali\\\/#breadcrumb\"},\"inLanguage\":\"it-IT\",\"potentialAction\":[{\"@type\":\"ReadAction\",\"target\":[\"https:\\\/\\\/sitiwebaroma.it\\\/fabiobarba\\\/danni-parentali\\\/\"]}]},{\"@type\":\"ImageObject\",\"inLanguage\":\"it-IT\",\"@id\":\"https:\\\/\\\/sitiwebaroma.it\\\/fabiobarba\\\/danni-parentali\\\/#primaryimage\",\"url\":\"https:\\\/\\\/sitiwebaroma.it\\\/fabiobarba\\\/wp-content\\\/uploads\\\/pexels-mario-wallner-12403535.jpg\",\"contentUrl\":\"https:\\\/\\\/sitiwebaroma.it\\\/fabiobarba\\\/wp-content\\\/uploads\\\/pexels-mario-wallner-12403535.jpg\",\"width\":1920,\"height\":1272},{\"@type\":\"BreadcrumbList\",\"@id\":\"https:\\\/\\\/sitiwebaroma.it\\\/fabiobarba\\\/danni-parentali\\\/#breadcrumb\",\"itemListElement\":[{\"@type\":\"ListItem\",\"position\":1,\"name\":\"Home\",\"item\":\"https:\\\/\\\/sitiwebaroma.it\\\/fabiobarba\\\/\"},{\"@type\":\"ListItem\",\"position\":2,\"name\":\"Supporto professionale per il risarcimento dei danni parentali\"}]},{\"@type\":\"WebSite\",\"@id\":\"https:\\\/\\\/sitiwebaroma.it\\\/fabiobarba\\\/#website\",\"url\":\"https:\\\/\\\/sitiwebaroma.it\\\/fabiobarba\\\/\",\"name\":\"Fabio Barba\",\"description\":\"La tua tutela legale\",\"publisher\":{\"@id\":\"https:\\\/\\\/sitiwebaroma.it\\\/fabiobarba\\\/#organization\"},\"potentialAction\":[{\"@type\":\"SearchAction\",\"target\":{\"@type\":\"EntryPoint\",\"urlTemplate\":\"https:\\\/\\\/sitiwebaroma.it\\\/fabiobarba\\\/?s={search_term_string}\"},\"query-input\":{\"@type\":\"PropertyValueSpecification\",\"valueRequired\":true,\"valueName\":\"search_term_string\"}}],\"inLanguage\":\"it-IT\"},{\"@type\":\"Organization\",\"@id\":\"https:\\\/\\\/sitiwebaroma.it\\\/fabiobarba\\\/#organization\",\"name\":\"Fabio Barba\",\"url\":\"https:\\\/\\\/sitiwebaroma.it\\\/fabiobarba\\\/\",\"logo\":{\"@type\":\"ImageObject\",\"inLanguage\":\"it-IT\",\"@id\":\"https:\\\/\\\/sitiwebaroma.it\\\/fabiobarba\\\/#\\\/schema\\\/logo\\\/image\\\/\",\"url\":\"https:\\\/\\\/sitiwebaroma.it\\\/fabiobarba\\\/wp-content\\\/uploads\\\/FB-logo3.png\",\"contentUrl\":\"https:\\\/\\\/sitiwebaroma.it\\\/fabiobarba\\\/wp-content\\\/uploads\\\/FB-logo3.png\",\"width\":469,\"height\":150,\"caption\":\"Fabio Barba\"},\"image\":{\"@id\":\"https:\\\/\\\/sitiwebaroma.it\\\/fabiobarba\\\/#\\\/schema\\\/logo\\\/image\\\/\"}}]}<\/script>\n<!-- \/ Yoast SEO plugin. -->","yoast_head_json":{"title":"Supporto professionale per il risarcimento dei danni parentali - Fabio Barba","description":"Fabio Barba","robots":{"index":"index","follow":"follow","max-snippet":"max-snippet:-1","max-image-preview":"max-image-preview:large","max-video-preview":"max-video-preview:-1"},"canonical":"https:\/\/sitiwebaroma.it\/fabiobarba\/danni-parentali\/","og_locale":"it_IT","og_type":"article","og_title":"Supporto professionale per il risarcimento dei danni parentali - Fabio Barba","og_description":"Fabio Barba","og_url":"https:\/\/sitiwebaroma.it\/fabiobarba\/danni-parentali\/","og_site_name":"Fabio Barba","article_modified_time":"2023-07-02T20:28:34+00:00","og_image":[{"width":1920,"height":1272,"url":"https:\/\/sitiwebaroma.it\/fabiobarba\/wp-content\/uploads\/pexels-mario-wallner-12403535.jpg","type":"image\/jpeg"}],"twitter_card":"summary_large_image","twitter_misc":{"Tempo di lettura stimato":"3 minuti"},"schema":{"@context":"https:\/\/schema.org","@graph":[{"@type":"WebPage","@id":"https:\/\/sitiwebaroma.it\/fabiobarba\/danni-parentali\/","url":"https:\/\/sitiwebaroma.it\/fabiobarba\/danni-parentali\/","name":"Supporto professionale per il risarcimento dei danni parentali - Fabio Barba","isPartOf":{"@id":"https:\/\/sitiwebaroma.it\/fabiobarba\/#website"},"primaryImageOfPage":{"@id":"https:\/\/sitiwebaroma.it\/fabiobarba\/danni-parentali\/#primaryimage"},"image":{"@id":"https:\/\/sitiwebaroma.it\/fabiobarba\/danni-parentali\/#primaryimage"},"thumbnailUrl":"https:\/\/sitiwebaroma.it\/fabiobarba\/wp-content\/uploads\/pexels-mario-wallner-12403535.jpg","datePublished":"2023-07-02T20:26:00+00:00","dateModified":"2023-07-02T20:28:34+00:00","description":"Fabio Barba","breadcrumb":{"@id":"https:\/\/sitiwebaroma.it\/fabiobarba\/danni-parentali\/#breadcrumb"},"inLanguage":"it-IT","potentialAction":[{"@type":"ReadAction","target":["https:\/\/sitiwebaroma.it\/fabiobarba\/danni-parentali\/"]}]},{"@type":"ImageObject","inLanguage":"it-IT","@id":"https:\/\/sitiwebaroma.it\/fabiobarba\/danni-parentali\/#primaryimage","url":"https:\/\/sitiwebaroma.it\/fabiobarba\/wp-content\/uploads\/pexels-mario-wallner-12403535.jpg","contentUrl":"https:\/\/sitiwebaroma.it\/fabiobarba\/wp-content\/uploads\/pexels-mario-wallner-12403535.jpg","width":1920,"height":1272},{"@type":"BreadcrumbList","@id":"https:\/\/sitiwebaroma.it\/fabiobarba\/danni-parentali\/#breadcrumb","itemListElement":[{"@type":"ListItem","position":1,"name":"Home","item":"https:\/\/sitiwebaroma.it\/fabiobarba\/"},{"@type":"ListItem","position":2,"name":"Supporto professionale per il risarcimento dei danni parentali"}]},{"@type":"WebSite","@id":"https:\/\/sitiwebaroma.it\/fabiobarba\/#website","url":"https:\/\/sitiwebaroma.it\/fabiobarba\/","name":"Fabio Barba","description":"La tua tutela legale","publisher":{"@id":"https:\/\/sitiwebaroma.it\/fabiobarba\/#organization"},"potentialAction":[{"@type":"SearchAction","target":{"@type":"EntryPoint","urlTemplate":"https:\/\/sitiwebaroma.it\/fabiobarba\/?s={search_term_string}"},"query-input":{"@type":"PropertyValueSpecification","valueRequired":true,"valueName":"search_term_string"}}],"inLanguage":"it-IT"},{"@type":"Organization","@id":"https:\/\/sitiwebaroma.it\/fabiobarba\/#organization","name":"Fabio Barba","url":"https:\/\/sitiwebaroma.it\/fabiobarba\/","logo":{"@type":"ImageObject","inLanguage":"it-IT","@id":"https:\/\/sitiwebaroma.it\/fabiobarba\/#\/schema\/logo\/image\/","url":"https:\/\/sitiwebaroma.it\/fabiobarba\/wp-content\/uploads\/FB-logo3.png","contentUrl":"https:\/\/sitiwebaroma.it\/fabiobarba\/wp-content\/uploads\/FB-logo3.png","width":469,"height":150,"caption":"Fabio Barba"},"image":{"@id":"https:\/\/sitiwebaroma.it\/fabiobarba\/#\/schema\/logo\/image\/"}}]}},"_links":{"self":[{"href":"https:\/\/sitiwebaroma.it\/fabiobarba\/wp-json\/wp\/v2\/pages\/709","targetHints":{"allow":["GET"]}}],"collection":[{"href":"https:\/\/sitiwebaroma.it\/fabiobarba\/wp-json\/wp\/v2\/pages"}],"about":[{"href":"https:\/\/sitiwebaroma.it\/fabiobarba\/wp-json\/wp\/v2\/types\/page"}],"author":[{"embeddable":true,"href":"https:\/\/sitiwebaroma.it\/fabiobarba\/wp-json\/wp\/v2\/users\/2"}],"replies":[{"embeddable":true,"href":"https:\/\/sitiwebaroma.it\/fabiobarba\/wp-json\/wp\/v2\/comments?post=709"}],"version-history":[{"count":0,"href":"https:\/\/sitiwebaroma.it\/fabiobarba\/wp-json\/wp\/v2\/pages\/709\/revisions"}],"wp:featuredmedia":[{"embeddable":true,"href":"https:\/\/sitiwebaroma.it\/fabiobarba\/wp-json\/wp\/v2\/media\/713"}],"wp:attachment":[{"href":"https:\/\/sitiwebaroma.it\/fabiobarba\/wp-json\/wp\/v2\/media?parent=709"}],"curies":[{"name":"wp","href":"https:\/\/api.w.org\/{rel}","templated":true}]}}